c.
14
Let u be (5/3)/((-2)/42). Let x = -320 - -291. Let i = x - u. Calculate the greatest common factor of i and 15.
3
Suppose 38 = 2*k - 42. Suppose -2*q + k = 2*q. Let h be 443/4 - (-3)/(-4). What is the highest common divisor of q and h?
10
Suppose 43*q - 47*q = 2*n - 272, -2*n + 140 = 2*q. Calculate the highest common divisor of q and 759.
33
Let g(y) = y**2 + 11*y + 16. Let c be g(-13). Let d be (-2)/(-7) - (-660)/c. Let z be (-6)/27 + (-76)/(-18). Calculate the greatest common factor of d and z.
4
Suppose 2*i = -3*i + 225. Suppose -37 - 8 = -5*n. Calculate the greatest common factor of n and i.
9
Let k = 242 + -228. Let r = 52 + -36. Suppose r + 12 = u. Calculate the greatest common divisor of u and k.
14
Let p = 9796 + -9784. Suppose 5*f - 23 = -w - w, -4*w + 2*f + 10 = 0. Calculate the highest common factor of p and w.
4
Let s(u) = u**3 - 5*u**2 + 27*u - 111. Let d be s(5). What is the greatest common factor of d and 408?
24
Let u be -18 + 12 + (-1485)/(-5). What is the highest common factor of u and 776?
97
Let q(b) = 5*b**2 + 14*b. Let c be q(-10). Calculate the greatest common divisor of c and 40.
40
Let j(z) be the third derivative of z**4/8 + 11*z**3/6 - 31*z**2. Let a be j(7). Calculate the greatest common factor of 2 and a.
2
Suppose -1 = 4*a - 5*a. Let g(q) = 6*q + 1. Let y be g(a). What is the highest common factor of y and 63?
7
Let m = 68 + -50. Let c(f) = f**2 - 12*f + 42. Let w be c(m). What is the greatest common divisor of w and 50?
50
Suppose 3*z - 2*z = 12. Suppose 0 = -g + 3*g - z. Calculate the highest common factor of 2 and g.
2
Suppose -2*u - 8 = 2*i, 4 + 5 = 4*u - i. Suppose p - 3 - u = 0, 35 = 5*n - 5*p. What is the highest common factor of n and 33?
11
Let k = 1176 - 1085. Let g = -12 - -25. Calculate the highest common factor of k and g.
13
Suppose -23*t + 22*t + 140 = 5*l, 4*l - 2*t = 98. What is the greatest common factor of l and 21?
3
Suppose -5*y = -4*m - 260, y - 2*y - 2*m + 38 = 0. Suppose 5*w = 3*t - 221, 4*t - 320 = w - 31. What is the greatest common divisor of y and t?
24
Let s be (-6 - -3)*(-1 + 27). Let r = s + 198. Let a(m) = 12*m. Let y be a(4). What is the greatest common factor of r and y?
24
Let z(k) = -8*k + 22*k - 4*k**2 - 14*k + 2. Let l be z(-2). Let o = l - -32. Calculate the greatest common factor of 2 and o.
2
Suppose 4*r = 2*p + 14, r - 5*p - 11 = 6. Suppose r*v = -v + 90. What is the greatest common divisor of v and 30?
30
Let k = 11 - 12. Let z = k - -7. Let c be 1/2*z/3. What is the highest common factor of 8 and c?
1
Suppose -h = 4*r - 256, h + 2*h + 303 = 5*r. Suppose 14*i - 1218 = -28*i - 16*i. Calculate the highest common factor of r and i.
21
Let c be -2 - (2 + -2 + -3). Let t be (c + 13/(-3))*-18. Let v = 27 - 15. What is the highest common divisor of v and t?
12
Let p = -45 + -15. Let r = -41 - p. Suppose 4*i = -5*w + 547, -3*w + 275 = 2*i - 0*i. What is the highest common divisor of r and i?
19
Let q be (10/15 - -2)*(-27)/(-6). Let m be ((-320)/112)/((q/14)/(-3)). What is the greatest common divisor of 4 and m?
2
Let w = 283 - 67. Let c(f) = f**3 - 2*f**2 - f - 1. Let n be c(4). What is the greatest common divisor of n and w?
27
Let w = 23 + -22. Let o be (0/(-1))/(w - 2). Suppose -4 = -o*s - s. What is the greatest common divisor of s and 4?
4
Let h(m) = m**3 + 23*m**2 - 2*m - 31. Let g be h(-23). Let l be -14*1*1/(-2). Suppose l = 3*u - 2. Calculate the highest common divisor of u and g.
3
Let c be (-6)/(-4)*184/12. Let j = 3 + c. What is the highest common factor of j and 130?
26
Let o be (3 - 5) + -133 + 3. Let i = o - -224. Calculate the highest common divisor of 23 and i.
23
Suppose 5*j - 279 = 201. Suppose 5*k - 355 = -5*h, 4*k = 4 - 8. Calculate the highest common factor of j and h.
24
Suppose 103 = 2*z + 85. Let l(u) = u**2 - 4*u - 16. Let q be l(z). Calculate the highest common divisor of q and 203.
29
Let n be ((-1)/2*-10)/1. Let z = 10 - n. Suppose s + s = 4*t - 18, z*t = -4*s + 16. What is the highest common divisor of t and 16?
4
Let w = 262 - 147. Calculate the highest common divisor of 276 and w.
23
Suppose -23*r + 672 = -15*r. What is the greatest common divisor of r and 96?
12
Let l(d) = d**2 - d + 4. Let v be l(-4). Let p be ((-15)/(-2))/(-5)*-2. Suppose 0 = -x + p - 0. Calculate the highest common divisor of x and v.
3
Suppose -6 = -p + q, -2*q + 1 + 5 = p. Let j be 2 + -2 + p + 1. What is the greatest common divisor of j and 70?
7
Suppose 2*f - 3 = 13. Let o(h) = -6*h + 3. Let g be o(-1). Suppose -g = 4*t - 13. What is the greatest common factor of t and f?
1
Let g = 321 - 151. Calculate the highest common factor of 10 and g.
10
Let d = 149 - 15. Calculate the highest common factor of 201 and d.
67
Suppose 4*z + 1431 + 79 = 2*n, -z = 3. Calculate the highest common divisor of n and 7.
7
Let b = 60 - 36. Let p(o) = 4*o**3 + 18*o**2 - 43*o**2 + b*o**2. Let q be p(1). What is the highest common factor of q and 27?
3
Let k be (9/(-6))/((-2)/4). Let v(n) = 59*n + 2322. Let w be v(-39). Calculate the greatest common factor of w and k.
3
Let i = 44 - 24. Let s = 32 - i. What is the greatest common factor of 4 and s?
4
Suppose 2*j = -0*j + 28. Let w = -29 - -48. Let n = w - j. Calculate the greatest common factor of 10 and n.
5
Suppose -15 + 115 = -4*y + 4*n, -5*y - 119 = -2*n. Let l = 28 + y. What is the greatest common factor of l and 55?
5
Suppose -21*n - 489 + 2946 = 0. Calculate the highest common factor of n and 481.
13
Let c(s) = 6*s**3 + 3*s**2 - 2*s - 2. Let q(l) = -5*l + 62. Let i be q(12). Let o be c(i). What is the greatest common factor of o and 72?
18
Suppose 2*t + 1200 = 5*g, 4*g - 960 = 5*t - t. Suppose -g + 825 = 13*d. What is the greatest common factor of 18 and d?
9
Suppose -14*h + 247 = -229. Calculate the highest common factor of h and 1088.
34
Suppose 4*o - 8760 = 5*d - 11*d, 4*o - 8752 = -4*d. What is the highest common factor of 78 and o?
78
Let w(c) = c**2 + 39*c + 313. Let h be w(-28). Calculate the greatest common factor of 115 and h.
5
Let i(n) = n**2 + 4*n + 6. Let p = -19 + 13. Let d be i(p). Calculate the highest common divisor of d and 12.
6
Suppose 4*a = 2 + 6, 4*l = -2*a - 44. Let j be (22/33)/((-1)/l). Calculate the greatest common divisor of j and 72.
8
Let k(x) = 2*x + 3*x**2 + 0*x**2 + 2*x - 3*x. Let q be k(3). Suppose -22*w + 27*w - 50 = 0. Calculate the highest common divisor of q and w.
10
Suppose 477 = 5*z - 4*h + h, 384 = 4*z - 3*h. Suppose 3*u = 2 + 4. Suppose -u*o + 60 = -i, 5*i = 2*o - 64 + 12. What is the highest common divisor of z and o?
31
Let a be (-3 - 3)*(-6)/(-9). Let t be (a/(-6))/(2/27). What is the greatest common factor of t and 72?
9
Let c be 4*((-28)/(-16) - 0). Let j(x) = x**3 - 8*x**2 + 6*x + 8. Let r be j(c). Let s be (-50)/(-15)*(-3)/(-2). What is the greatest common factor of r and s?
1
Suppose 3*o + o = 264. Let u be -9 - (-11 + -4 + 0). What is the highest common factor of o and u?
6
Suppose 2*n = 5*n + 36. Let z = n + 14. Let d be (-2 + (z - 4))*-1. Calculate the highest common factor of 1 and d.
1
Let g = 42 - 21. Let q be 2/(-4) + 399/14 + -7. Calculate the greatest common divisor of q and g.
21
Let s(x) = -x**2 + 5*x + 11. Let u be s(8). Let q(r) = -r**3 - 15*r**2 - 30*r - 17. Let n be q(u). Calculate the greatest common factor of n and 70.
35
Let p = 17 - 12. Suppose 5*i + 19*w - 14*w = 0, -4*i + w + 25 = 0. Calculate the highest common factor of p and i.
5
Suppose -3*h - 2411 = -5*m, -4*m = -9*m + 2*h + 2409. What is the highest common divisor of m and 37?
37
Let x be 4/(-34) + 1206/(-153). Let s be x/6 - 3893/(-51). Let y = 12 + 13. What is the highest common divisor of s and y?
25
Suppose -2*l - 3*n = -82, 0 = 4*l + 5*n - 10*n - 142. Let b be -108 + 124 - (-6)/2. What is the greatest common factor of b and l?
19
Suppose -2*s = -11*y + 9*y - 12, -y - 15 = -2*s. Let u = 510 + -357. Calculate the highest common divisor of s and u.
9
Let s(r) be the first derivative of 4*r**2 + 39. Let t be s(13). What is the greatest common divisor of 13 and t?
13
Let r(s) = 3*s**2 + 31*s + 11. Let i be r(-10). What is the greatest common factor of i and 81?
1
Let d be (-190 - -12)/(2/(-4))*1. Calculate the highest common factor of d and 4.
4
Let y be 0 - (-2 - 4/(-2)). Suppose y*u = -3*u - 18. Let j =